tors of ((4 - 3) + -2)*-1 + 1.
2
Suppose -d = -4*d - 27. Suppose 2*z - 3*y - 1 = 0, -y + 6 = 4*z + 25. Let q = z - d. What are the prime factors of q?
5
Suppose -3*y + 143 + 112 = -3*w, -20 = 4*w. What are the prime factors of y?
2, 5
Let j be -2 - -5 - (-30)/2. Suppose 4*h - j = 18. List the prime factors of h.
3
Let j be (-36)/(-6) - (-2)/(-2). Suppose j*l = -2 + 17. Suppose -q + 16 = l*b - 22, -5 = -q. What are the prime factors of b?
11
List the prime factors of (-360)/(-3 + (-9)/(-6)).
2, 3, 5
Let n(y) = 33*y + 5. What are the prime factors of n(2)?
71
Let q(a) = a**3 + a**2 - 4*a + 4. Let x be q(4). Let h = x + -28. What are the prime factors of h?
2, 5
Let d be 0/(-1 + 4 + -2). Let l be (1 + 2 - -2)/1. Suppose d*c - c = -l. What are the prime factors of c?
5
Let a = 75 - -111. What are the prime factors of a?
2, 3, 31
What are the prime factors of ((-82)/(-6))/(5/15)?
41
List the prime factors of (6/(-5))/((-20328)/(-3390) - 6).
3, 113
Suppose -z + 3 = -5. Suppose t - 5*w + 5 = 3*t, 3*w - 3 = 0. Suppose -z = -t*h - h. List the prime factors of h.
2
Suppose 0*h - 2*h - i = -29, -h + 5*i = 13. List the prime factors of h.
2, 3
Let j = 14 - 20. Let k be (-3 - -3) + (-14)/1. List the prime factors of (-6)/4*(k - j).
2, 3
Let s = 5 + -3. Suppose 0 = s*n - 4 - 2. What are the prime factors of n?
3
Let y(x) = 59*x**2 + 4*x - 3. List the prime factors of y(1).
2, 3, 5
Let s = -6 - -11. Suppose 0 = -x + s*x. Let w(a) = -a + 10. List the prime factors of w(x).
2, 5
Let b = -1 - -20. List the prime factors of b.
19
Let n = -14 - -22. Suppose 0 = 5*r - 2 - n. Suppose 3*k = -r*k + 55. What are the prime factors of k?
11
Let j be 17 + (1 - (1 - -2)). Suppose -2*c = c - j. What are the prime factors of c?
5
Suppose 350 + 550 = 9*z. List the prime factors of z.
2, 5
Let h(x) = -x**2 - 10*x + 11. Let r = -8 - 1. What are the prime factors of h(r)?
2, 5
Suppose -13*f + 30 = -8*f. Let a(y) = 4*y. List the prime factors of a(f).
2, 3
Suppose -4*f + 2*j + j = -205, -f - 5*j = -80. Suppose -7 - f = -2*v. What are the prime factors of v?
31
Let m(y) = -y**3 - 5*y - 7. Let z be m(-3). Suppose -l + 47 = -2*h, -2*h + 20 = l - z. List the prime factors of l.
3, 17
Suppose -n + 0*a + 4 = 2*a, 3*a + 3 = 3*n. What are the prime factors of 7*(n - 16/14)?
2, 3
Let a = -682 - -960. What are the prime factors of a?
2, 139
Suppose 5*z - 7 + 32 = 5*u, 5*z + 9 = u. Suppose 0 = -u*m + 30 + 110. What are the prime factors of m?
5, 7
Suppose 9 + 7 = 4*w. Suppose 0 = -w*g + 6 + 2. List the prime factors of g.
2
Let w(z) be the third derivative of z**2 - 1/6*z**3 + 0 + 0*z + 1/12*z**4. List the prime factors of w(5).
3
Let n(c) = 16*c + 27. What are the prime factors of n(5)?
107
Suppose w + k - 411 = 4*k, 0 = 2*w + 4*k - 782. What are the prime factors of w?
3, 7, 19
Suppose 5*k - 3*k - 56 = 0. List the prime factors of k.
2, 7
Let b be 1*(3 + 0) + 1. List the prime factors of (-4 - -1)*b/(-6).
2
Suppose -4*w - 5*b - 21 = 0, 0*b = -2*w + b + 7. List the prime factors of 3*w + (4 - -13).
2, 5
Let u(r) = -12*r + 5*r - 6 + 2*r. What are the prime factors of u(-6)?
2, 3
Suppose a + 4*a = 60. Suppose 0 = c + 2*c + a. Let h = c + 7. List the prime factors of h.
3
Let d = -87 + 113. List the prime factors of d.
2, 13
Let k(q) = q + 1. Let c be k(0). Suppose u - 3 - c = 0. What are the prime factors of u?
2
Suppose 3*x - 257 = 2*p, 0*x - 2*p = 3*x - 253. Suppose 4*j + b = 124, -5*j - 3*b = -x - 77. List the prime factors of j.
2, 3, 5
List the prime factors of 102/(-3)*1/(-1).
2, 17
Suppose 14 = u - 4*b, 54 = 3*u - 2*b - 8. Suppose -4*c - u = -6*c. List the prime factors of c.
11
Let f be (-4)/(-2) - 0/3. Suppose 0 = f*b - p - 38 - 17, -3*p = 5*b - 154. What are the prime factors of b?
29
Let i be (-2 + 12)*4/(-5). Let g(z) = -z**2 - 8*z + 10. What are the prime factors of g(i)?
2, 5
Let s(g) = g**2 + 8*g + 8. Let z be s(-7). Let v = 1 + z. Suppose -5*n = v - 17. What are the prime factors of n?
3
Let m be -1*5/((-5)/(-36)). Let n = m + 60. What are the prime factors of n?
2, 3
Let j be 52/(-3)*(-18)/(-4). List the prime factors of ((-5)/(-15))/((-2)/j).
13
Let m(s) = -s**2 - 6*s + 9. Let i be m(-7). Suppose 2*a + 6 = -2*r, 3*r - i*r = 5*a + 27. What are the prime factors of r?
2
Suppose 176 = 17*l - 6*l. List the prime factors of l.
2
Let j(c) = 5*c - 2. Let z be j(1). Suppose 0*n - z*s + 58 = 2*n, 3*n = -s + 80. List the prime factors of n.
2, 13
List the prime factors of (-29)/3*-3 + -4.
5
Suppose -2*m = 5*j - 6*m - 451, 2*j = m + 181. What are the prime factors of j?
7, 13
Let h be 24/(-18)*57/(-2). Let t = h + -17. What are the prime factors of t?
3, 7
Let y(h) = -h + 10. Let c be y(6). Let j(n) be the third derivative of n**5/60 - n**4/24 - 2*n**2. List the prime factors of j(c).
2, 3
Let z = -12 - -17. Suppose z*j - 39 - 31 = 0. List the prime factors of j.
2, 7
Let w(d) = -d**2 + 27*d - 20. What are the prime factors of w(7)?
2, 3, 5
Let j = 641 - 403. What are the prime factors of j?
2, 7, 17
Suppose -5 = -4*w - d, 0 = -w - d - 0 + 5. Suppose w = -2*a + 6 + 2. What are the prime factors of a?
2
Let y = -54 - -85. List the prime factors of y.
31
Let i(w) = w + 12. Let b be i(-9). Suppose 2*f - 6 = 0, -b*q + 0*q + 3*f + 24 = 0. List the prime factors of q.
11
Let g(c) = -c**3 - 1 + 0 + 0 - 3*c**2 + 3*c. Let s be g(-4). Let n = s - -1. What are the prime factors of n?
2
Let d(h) = h**2 - 10*h + 7. Let b be d(9). List the prime factors of -2 - b/1 - -8.
2
Suppose -t - 174 = -3*r, 0*t - 280 = -5*r + 5*t. List the prime factors of r.
59
Let h(y) = -y**2 - 6*y. Let l be h(-5). Suppose -4*f + 9*f + l*g - 5 = 0, 19 = 4*f + g. List the prime factors of f.
2, 3
Let q(y) = 2*y**3 + y**2 - y + 22. What are the prime factors of q(0)?
2, 11
Suppose -2*n = 3*f + 30, -5*f = -n + 4*n + 49. Let b = 0 - f. List the prime factors of b.
2
Suppose 2*d + 0*d = 50. What are the prime factors of d?
5
Suppose 3*r = 5*k + 16, 0 - 6 = -5*r - 2*k. Suppose 4*l - 1 = -p - 15, r*p = 3*l + 5. Let c = l + 5. List the prime factors of c.
2
Let w(d) = -5*d**2 - 2*d + 3. Let o be w(2). What are the prime factors of (6 - -2)*o/(-14)?
2, 3
Suppose -12 = 3*d - 2*d. Let i = 19 + d. List the prime factors of 0 + i - (-3)/3.
2
Let v = -107 + 223. List the prime factors of v.
2, 29
Let w(i) = -i**2 - 15*i + 6. Let a(v) = -v**3 - 10*v**2 + 11*v - 12. Let y be a(-11). List the prime factors of w(y).
2, 3, 7
Let w(n) = -n**3 - 8*n**2 - 6*n + 3. Let v be w(-8). Suppose -3*t = -0*t - v. List the prime factors of t.
17
Let r(o) = -3*o**2 - 3*o**2 + 3*o**3 - 2*o**3 - 3*o + 3. Let p be r(6). Let f = p + 27. What are the prime factors of f?
2, 3
Let g be 15*(-2 + 0 + 11). Suppose -7*x + 2*x = -g. List the prime factors of x.
3
Let d = 51 - 29. What are the prime factors of d?
2, 11
Let y = 302 - 174. Suppose -8*l = -4*l - y. List the prime factors of l.
2
Let g(h) = -7*h + 1. Let c(t) = 4*t. Let o(f) = -5*c(f) - 3*g(f). Let q be o(6). Suppose 3*u + 1 + 2 = q*j, -4*j = 2*u - 22. List the prime factors of u.
3
Let i(s) = -s**3 + 3*s**2 + 5*s - 4. Let j be i(4). Suppose j = v + u + 7, 2*v = -5*u - 13 - 13. Let d(g) = -4*g + 4. List the prime factors of d(v).
2
Let z(v) = 3*v + 4. Let w be z(-5). Let h = -61 + 39. Let r = w - h. What are the prime factors of r?
11
Let k(d) = -d**2 - 9*d - 6. Let j be k(-8). Suppose -5*r + 110 = -0*w + 3*w, -10 = j*w. List the prime factors of r.
5
Suppose 2*k = -6*k + 24. Suppose 2*t = -0*t. Suppose -2*f + 5*q = f - 13, -k*f - 3*q + 21 = t. What are the prime factors of f?
2, 3
Suppose -d + 32 = -0*d. Suppose -7*i = -283 - d. List the prime factors of i.
3, 5
Let h(k) = k**3 - 20*k**2 + k + 47. What are the prime factors of h(20)?
67
Let h(c) = -7*c + 8. Let v be h(-6). Suppose k - v = -4*k. What are the prime factors of k?
2, 5
Let l = -7 - -9. Let s be (-9)/(-15)*l*5. Suppose -6*k + s = -4*k. List the prime factors of k.
3
Let i be 4 - 0*(-1)/(-2). What are the prime factors of 11/i*4*2?
2, 11
Let y = -80 + 100. What are the prime factors of y?
2, 5
Suppose 0*s - 4 = -2*s. Suppose 2*q - 18 = 2*n, -3*q + 0 = -s*n - 30. List the prime factors of q.
2, 3
Let g be (-20)/130 - (-15)/13. What are the prime factors of g/5 - (-531)/45?
2, 3
Let d(x) be the first derivative of -x**4/4 + 7*x**3/3 - 2*x